{"id":155,"date":"2022-06-22T10:18:01","date_gmt":"2022-06-22T08:18:01","guid":{"rendered":"https:\/\/jlm-assurance.com\/?page_id=155"},"modified":"2026-03-12T10:47:43","modified_gmt":"2026-03-12T09:47:43","slug":"assurance-emprunteur","status":"publish","type":"page","link":"https:\/\/jlm-assurance.com\/index.php\/home\/assurance-emprunteur\/","title":{"rendered":"Assurances emprunteur"},"content":{"rendered":"\n<p>Nos assurances emprunteur vous permettent de garantir le remboursement du cr\u00e9dit, en cas d\u2019incapacit\u00e9 de votre part. Nous couvrons tous les types d&#8217;emprunts : cr\u00e9dit immobilier, cr\u00e9dit auto, cr\u00e9dit renouvelable, pr\u00eat personnel, rachat de cr\u00e9dit\u2026 Nous sommes \u00e0 votre disposition pour vous proposer une \u00e9tude de votre assurance de pr\u00eat immobilier.<\/p>\n\n\n\n<div style=\"height:12px\" aria-hidden=\"true\" class=\"wp-block-spacer\"><\/div>\n\n\n\n<div class=\"wp-block-media-text alignwide is-stacked-on-mobile\"><figure class=\"wp-block-media-text__media\"><img loading=\"lazy\" decoding=\"async\" width=\"1000\" height=\"667\" src=\"https:\/\/jlm-assurance.com\/wp-content\/uploads\/2022\/11\/assurance-emprunteur.jpg.webp\" alt=\"\" class=\"wp-image-274 size-full\" srcset=\"https:\/\/jlm-assurance.com\/wp-content\/uploads\/2022\/11\/assurance-emprunteur.jpg.webp 1000w, https:\/\/jlm-assurance.com\/wp-content\/uploads\/2022\/11\/assurance-emprunteur-300x200.jpg.webp 300w, https:\/\/jlm-assurance.com\/wp-content\/uploads\/2022\/11\/assurance-emprunteur-768x512.jpg.webp 768w, https:\/\/jlm-assurance.com\/wp-content\/uploads\/2022\/11\/assurance-emprunteur-360x240.jpg.webp 360w\" sizes=\"auto, (max-width: 1000px) 100vw, 1000px\" \/><\/figure><div class=\"wp-block-media-text__content\">\n<div style=\"height:12px\" aria-hidden=\"true\" class=\"wp-block-spacer\"><\/div>\n\n\n\n<div class=\"wp-block-group\"><div class=\"wp-block-group__inner-container is-layout-constrained wp-block-group-is-layout-constrained\">\n<p>L&rsquo;assurance emprunteur est compos\u00e9e de diff\u00e9rentes garanties, qui sont exig\u00e9es en fonction du type de projet par la banque pr\u00eateuse :<\/p>\n\n\n\n<ul class=\"wp-block-list\">\n<li>&nbsp;&nbsp;&nbsp; Garantie d\u00e9c\u00e8s (DC) ;<\/li>\n\n\n\n<li>&nbsp;&nbsp;&nbsp; Perte Totale et Irr\u00e9versible d&rsquo;Autonomie (PTIA) ;<\/li>\n\n\n\n<li>&nbsp;&nbsp;&nbsp; Invalidit\u00e9 Permanente Totale (IPT) ;<\/li>\n\n\n\n<li>&nbsp;&nbsp;&nbsp; Incapacit\u00e9 Temporaire de Travail (ITT) ;<\/li>\n\n\n\n<li>&nbsp;&nbsp;&nbsp; Invalidit\u00e9 Permanente Partielle (IPP) ;<\/li>\n\n\n\n<li>&nbsp;&nbsp;&nbsp; Maladies non objectivables (MNO) ;<\/li>\n\n\n\n<li>&nbsp;&nbsp;&nbsp; Perte d&#8217;emploi (PE).<\/li>\n<\/ul>\n<\/div><\/div>\n<\/div><\/div>\n\n\n\n<div style=\"height:12px\" aria-hidden=\"true\" class=\"wp-block-spacer\"><\/div>\n\n\n\n<blockquote class=\"wp-block-quote has-text-align-center is-layout-flow wp-block-quote-is-layout-flow\">\n<p><strong>Vous pouvez changer d&rsquo;assurance emprunteur&nbsp;\u00e0 tout moment&nbsp;!<\/strong><\/p>\n<cite>Loi Lemoine n\u00b0 2022-270<\/cite><\/blockquote>\n\n\n\n<hr class=\"wp-block-separator has-text-color has-alpha-channel-opacity has-background is-style-default\" style=\"background-color:#d0d0d0;color:#d0d0d0\"\/>\n\n\n\n<h3 class=\"wp-block-heading\"><strong>Obtenir un devis<\/strong><\/h3>\n\n\n<div class=\"wpforms-container wpforms-container-full wpforms-block wpforms-block-3b9a882f-3ba9-48a0-b408-e02d5ce0ab3a\" id=\"wpforms-114\"><form id=\"wpforms-form-114\" class=\"wpforms-validate wpforms-form\" data-formid=\"114\" method=\"post\" enctype=\"multipart\/form-data\" action=\"\/index.php\/wp-json\/wp\/v2\/pages\/155\" data-token=\"22a2c96176e95154ce47b05e97a03c3f\" data-token-time=\"1778333565\"><noscript class=\"wpforms-error-noscript\">Veuillez activer JavaScript dans votre navigateur pour remplir ce formulaire.<\/noscript><div class=\"wpforms-field-container\"><div id=\"wpforms-114-field_0-container\" class=\"wpforms-field wpforms-field-name wpforms-one-half wpforms-first\" data-field-id=\"0\"><label class=\"wpforms-field-label wpforms-label-hide\" for=\"wpforms-114-field_0\">Nom  <span class=\"wpforms-required-label\">*<\/span><\/label><input type=\"text\" id=\"wpforms-114-field_0\" class=\"wpforms-field-large wpforms-field-required\" name=\"wpforms[fields][0]\" placeholder=\"Votre Nom et Pr\u00e9nom\" required><\/div><div id=\"wpforms-114-field_3-container\" class=\"wpforms-field wpforms-field-email wpforms-one-half\" data-field-id=\"3\"><label class=\"wpforms-field-label wpforms-label-hide\" for=\"wpforms-114-field_3\">Email <span class=\"wpforms-required-label\">*<\/span><\/label><input type=\"email\" id=\"wpforms-114-field_3\" class=\"wpforms-field-large wpforms-field-required\" name=\"wpforms[fields][3]\" placeholder=\"Votre E-mail\" spellcheck=\"false\" required><\/div><div id=\"wpforms-114-field_4-container\" class=\"wpforms-field wpforms-field-text\" data-field-id=\"4\"><label class=\"wpforms-field-label wpforms-label-hide\" for=\"wpforms-114-field_4\">Sujet<\/label><input type=\"text\" id=\"wpforms-114-field_4\" class=\"wpforms-field-large\" name=\"wpforms[fields][4]\" placeholder=\"Sujet de votre demande\" ><\/div><div id=\"wpforms-114-field_2-container\" class=\"wpforms-field wpforms-field-textarea\" data-field-id=\"2\"><label class=\"wpforms-field-label wpforms-label-hide\" for=\"wpforms-114-field_2\">Message <span class=\"wpforms-required-label\">*<\/span><\/label><textarea id=\"wpforms-114-field_2\" class=\"wpforms-field-medium wpforms-field-required\" name=\"wpforms[fields][2]\" placeholder=\"Votre message\" required><\/textarea><\/div><\/div><!-- .wpforms-field-container --><div class=\"wpforms-submit-container\" ><input type=\"hidden\" name=\"wpforms[id]\" value=\"114\"><input type=\"hidden\" name=\"page_title\" value=\"\"><input type=\"hidden\" name=\"page_url\" value=\"https:\/\/jlm-assurance.com\/index.php\/wp-json\/wp\/v2\/pages\/155\"><input type=\"hidden\" name=\"url_referer\" value=\"\"><button type=\"submit\" name=\"wpforms[submit]\" id=\"wpforms-submit-114\" class=\"wpforms-submit\" data-alt-text=\"Envoi en cours...\" data-submit-text=\"Envoyer\" aria-live=\"assertive\" value=\"wpforms-submit\">Envoyer<\/button><\/div><\/form><\/div>  <!-- .wpforms-container -->\n\n\n<hr class=\"wp-block-separator has-text-color has-alpha-channel-opacity has-background is-style-default\" style=\"background-color:#d0d0d0;color:#d0d0d0\"\/>\n\n\n\n<div style=\"height:30px\" aria-hidden=\"true\" class=\"wp-block-spacer\"><\/div>\n\n\n\n<div class=\"wp-block-buttons is-layout-flex wp-block-buttons-is-layout-flex\">\n<div class=\"wp-block-button aligncenter is-style-outline is-style-outline--1\"><a class=\"wp-block-button__link has-header-gradient-color has-text-color wp-element-button\" href=\"https:\/\/jlm-assurance.com\/index.php\/home\/nous-contacter\/\" style=\"border-radius:0px\">Nous contacter<\/a><\/div>\n<\/div>\n\n\n\n<div style=\"height:39px\" aria-hidden=\"true\" class=\"wp-block-spacer\"><\/div>\n\n\n\n<h3 class=\"wp-block-heading\">FAQ EMPRUNTEUR<\/h3>\n\n\n\n<p><em>Cette assurance m&rsquo;est impos\u00e9e, puis-je choisir mon contrat quand m\u00eame ? <\/em><\/p>\n\n\n\n<p>Oui ! Vous pouvez choisir librement votre contrat et n&rsquo;\u00eates pas tenu d&rsquo;accepter l&rsquo;assurance groupe de la banque. Comparer l&rsquo;ensemble du march\u00e9 vous permet de trouver le tarif le plus comp\u00e9titif \u00e0 garanties \u00e9gales. <\/p>\n\n\n\n<p><em>Quels \u00e9l\u00e9ments influencent mon assurance ?<\/em><\/p>\n\n\n\n<p>Diff\u00e9rents \u00e9l\u00e9ments comme votre \u00e9tat de sant\u00e9, votre profession ou votre pratique sportive influent sur le tarif de votre assurance individuelle. Un courtier en assurance de pr\u00eat peut vous accompagner dans le choix du contrat au meilleur tarif selon votre profil et votre projet.<\/p>\n\n\n\n<p><em>\u00c0 partir de quel moment est-ce que je peux r\u00e9silier mon contrat ?<\/em><\/p>\n\n\n\n<p>\u00c0 tout moment&nbsp;si vous \u00eates \u00e9ligible \u00e0 la loi Lemoine ! Celle-ci est entr\u00e9e en vigueur le 1\u1d49\u02b3 juin 2022 et ne concerne que les nouveaux contrats. Ils peuvent profiter de&nbsp;:<\/p>\n\n\n\n<ul class=\"wp-block-list\">\n<li>La r\u00e9siliation&nbsp;\u00e0 tout moment de leur contrat d\u2019assurance,<\/li>\n\n\n\n<li>La suppression du questionnaire de sant\u00e9 pour certains cr\u00e9dits,<\/li>\n\n\n\n<li>La r\u00e9duction du d\u00e9lai de droit&nbsp;\u00e0 l\u2019oubli qui passe de 10&nbsp;\u00e0 5 ans.<\/li>\n<\/ul>\n\n\n\n<p><strong>Les cr\u00e9dits immobiliers en cours, quant&nbsp;\u00e0 eux, peuvent b\u00e9n\u00e9ficier de la loi Lemoine, sous conditions d\u2019\u00e9ligibilit\u00e9,&nbsp;depuis septembre 2022<\/strong>.<\/p>\n\n\n\n<hr class=\"wp-block-separator has-alpha-channel-opacity\"\/>\n","protected":false},"excerpt":{"rendered":"<p>Nos assurances emprunteur vous permettent de garantir le remboursement du cr\u00e9dit, en cas d\u2019incapacit\u00e9 de votre part. Nous couvrons tous les types d&#8217;emprunts : cr\u00e9dit immobilier, cr\u00e9dit auto, cr\u00e9dit renouvelable, pr\u00eat personnel, rachat de cr\u00e9dit\u2026 Nous sommes \u00e0 votre disposition pour vous proposer une \u00e9tude de votre assurance de pr\u00eat [&hellip;]<\/p>\n","protected":false},"author":10,"featured_media":274,"parent":17,"menu_order":0,"comment_status":"closed","ping_status":"closed","template":"","meta":{"footnotes":""},"class_list":["post-155","page","type-page","status-publish","has-post-thumbnail","hentry"],"yoast_head":"<!-- This site is optimized with the Yoast SEO plugin v27.3 - https:\/\/yoast.com\/product\/yoast-seo-wordpress\/ -->\n<title>Assurances emprunteur - JLM<\/title>\n<meta name=\"description\" content=\"Notre assurance emprunteur vous permet de garantir le remboursement du cr\u00e9dit en cas d\u2019incapacit\u00e9 de votre part\" \/>\n<meta name=\"robots\" content=\"index, follow, max-snippet:-1, max-image-preview:large, max-video-preview:-1\" \/>\n<link rel=\"canonical\" href=\"https:\/\/jlm-assurance.com\/index.php\/home\/assurance-emprunteur\/\" \/>\n<meta property=\"og:locale\" content=\"fr_FR\" \/>\n<meta property=\"og:type\" content=\"article\" \/>\n<meta property=\"og:title\" content=\"Assurances emprunteur - JLM\" \/>\n<meta property=\"og:description\" content=\"Notre assurance emprunteur vous permet de garantir le remboursement du cr\u00e9dit en cas d\u2019incapacit\u00e9 de votre part\" \/>\n<meta property=\"og:url\" content=\"https:\/\/jlm-assurance.com\/index.php\/home\/assurance-emprunteur\/\" \/>\n<meta property=\"og:site_name\" content=\"JLM\" \/>\n<meta property=\"article:modified_time\" content=\"2026-03-12T09:47:43+00:00\" \/>\n<meta property=\"og:image\" content=\"https:\/\/jlm-assurance.com\/wp-content\/uploads\/2022\/11\/assurance-emprunteur.jpg.webp\" \/>\n\t<meta property=\"og:image:width\" content=\"1000\" \/>\n\t<meta property=\"og:image:height\" content=\"667\" \/>\n\t<meta property=\"og:image:type\" content=\"image\/jpeg\" \/>\n<meta name=\"twitter:card\" content=\"summary_large_image\" \/>\n<meta name=\"twitter:label1\" content=\"Dur\u00e9e de lecture estim\u00e9e\" \/>\n\t<meta name=\"twitter:data1\" content=\"2 minutes\" \/>\n<script type=\"application\/ld+json\" class=\"yoast-schema-graph\">{\"@context\":\"https:\\\/\\\/schema.org\",\"@graph\":[{\"@type\":\"WebPage\",\"@id\":\"https:\\\/\\\/jlm-assurance.com\\\/index.php\\\/home\\\/assurance-emprunteur\\\/\",\"url\":\"https:\\\/\\\/jlm-assurance.com\\\/index.php\\\/home\\\/assurance-emprunteur\\\/\",\"name\":\"Assurances emprunteur - JLM\",\"isPartOf\":{\"@id\":\"https:\\\/\\\/jlm-assurance.com\\\/#website\"},\"primaryImageOfPage\":{\"@id\":\"https:\\\/\\\/jlm-assurance.com\\\/index.php\\\/home\\\/assurance-emprunteur\\\/#primaryimage\"},\"image\":{\"@id\":\"https:\\\/\\\/jlm-assurance.com\\\/index.php\\\/home\\\/assurance-emprunteur\\\/#primaryimage\"},\"thumbnailUrl\":\"https:\\\/\\\/jlm-assurance.com\\\/wp-content\\\/uploads\\\/2022\\\/11\\\/assurance-emprunteur.jpg.webp\",\"datePublished\":\"2022-06-22T08:18:01+00:00\",\"dateModified\":\"2026-03-12T09:47:43+00:00\",\"description\":\"Notre assurance emprunteur vous permet de garantir le remboursement du cr\u00e9dit en cas d\u2019incapacit\u00e9 de votre part\",\"breadcrumb\":{\"@id\":\"https:\\\/\\\/jlm-assurance.com\\\/index.php\\\/home\\\/assurance-emprunteur\\\/#breadcrumb\"},\"inLanguage\":\"fr-FR\",\"potentialAction\":[{\"@type\":\"ReadAction\",\"target\":[\"https:\\\/\\\/jlm-assurance.com\\\/index.php\\\/home\\\/assurance-emprunteur\\\/\"]}]},{\"@type\":\"ImageObject\",\"inLanguage\":\"fr-FR\",\"@id\":\"https:\\\/\\\/jlm-assurance.com\\\/index.php\\\/home\\\/assurance-emprunteur\\\/#primaryimage\",\"url\":\"https:\\\/\\\/jlm-assurance.com\\\/wp-content\\\/uploads\\\/2022\\\/11\\\/assurance-emprunteur.jpg.webp\",\"contentUrl\":\"https:\\\/\\\/jlm-assurance.com\\\/wp-content\\\/uploads\\\/2022\\\/11\\\/assurance-emprunteur.jpg.webp\",\"width\":1000,\"height\":667},{\"@type\":\"BreadcrumbList\",\"@id\":\"https:\\\/\\\/jlm-assurance.com\\\/index.php\\\/home\\\/assurance-emprunteur\\\/#breadcrumb\",\"itemListElement\":[{\"@type\":\"ListItem\",\"position\":1,\"name\":\"Accueil\",\"item\":\"https:\\\/\\\/jlm-assurance.com\\\/\"},{\"@type\":\"ListItem\",\"position\":2,\"name\":\"Accueil\",\"item\":\"https:\\\/\\\/jlm-assurance.com\\\/\"},{\"@type\":\"ListItem\",\"position\":3,\"name\":\"Assurances emprunteur\"}]},{\"@type\":\"WebSite\",\"@id\":\"https:\\\/\\\/jlm-assurance.com\\\/#website\",\"url\":\"https:\\\/\\\/jlm-assurance.com\\\/\",\"name\":\"JLM\",\"description\":\"Agence de courtage en assurances\",\"publisher\":{\"@id\":\"https:\\\/\\\/jlm-assurance.com\\\/#organization\"},\"potentialAction\":[{\"@type\":\"SearchAction\",\"target\":{\"@type\":\"EntryPoint\",\"urlTemplate\":\"https:\\\/\\\/jlm-assurance.com\\\/?s={search_term_string}\"},\"query-input\":{\"@type\":\"PropertyValueSpecification\",\"valueRequired\":true,\"valueName\":\"search_term_string\"}}],\"inLanguage\":\"fr-FR\"},{\"@type\":\"Organization\",\"@id\":\"https:\\\/\\\/jlm-assurance.com\\\/#organization\",\"name\":\"JLM Assurances\",\"url\":\"https:\\\/\\\/jlm-assurance.com\\\/\",\"logo\":{\"@type\":\"ImageObject\",\"inLanguage\":\"fr-FR\",\"@id\":\"https:\\\/\\\/jlm-assurance.com\\\/#\\\/schema\\\/logo\\\/image\\\/\",\"url\":\"http:\\\/\\\/jlm-assurance.com\\\/wp-content\\\/uploads\\\/2022\\\/06\\\/Logo-JLM-Assurance.jpg\",\"contentUrl\":\"http:\\\/\\\/jlm-assurance.com\\\/wp-content\\\/uploads\\\/2022\\\/06\\\/Logo-JLM-Assurance.jpg\",\"width\":710,\"height\":190,\"caption\":\"JLM Assurances\"},\"image\":{\"@id\":\"https:\\\/\\\/jlm-assurance.com\\\/#\\\/schema\\\/logo\\\/image\\\/\"}}]}<\/script>\n<!-- \/ Yoast SEO plugin. -->","yoast_head_json":{"title":"Assurances emprunteur - JLM","description":"Notre assurance emprunteur vous permet de garantir le remboursement du cr\u00e9dit en cas d\u2019incapacit\u00e9 de votre part","robots":{"index":"index","follow":"follow","max-snippet":"max-snippet:-1","max-image-preview":"max-image-preview:large","max-video-preview":"max-video-preview:-1"},"canonical":"https:\/\/jlm-assurance.com\/index.php\/home\/assurance-emprunteur\/","og_locale":"fr_FR","og_type":"article","og_title":"Assurances emprunteur - JLM","og_description":"Notre assurance emprunteur vous permet de garantir le remboursement du cr\u00e9dit en cas d\u2019incapacit\u00e9 de votre part","og_url":"https:\/\/jlm-assurance.com\/index.php\/home\/assurance-emprunteur\/","og_site_name":"JLM","article_modified_time":"2026-03-12T09:47:43+00:00","og_image":[{"width":1000,"height":667,"url":"https:\/\/jlm-assurance.com\/wp-content\/uploads\/2022\/11\/assurance-emprunteur.jpg.webp","type":"image\/jpeg"}],"twitter_card":"summary_large_image","twitter_misc":{"Dur\u00e9e de lecture estim\u00e9e":"2 minutes"},"schema":{"@context":"https:\/\/schema.org","@graph":[{"@type":"WebPage","@id":"https:\/\/jlm-assurance.com\/index.php\/home\/assurance-emprunteur\/","url":"https:\/\/jlm-assurance.com\/index.php\/home\/assurance-emprunteur\/","name":"Assurances emprunteur - JLM","isPartOf":{"@id":"https:\/\/jlm-assurance.com\/#website"},"primaryImageOfPage":{"@id":"https:\/\/jlm-assurance.com\/index.php\/home\/assurance-emprunteur\/#primaryimage"},"image":{"@id":"https:\/\/jlm-assurance.com\/index.php\/home\/assurance-emprunteur\/#primaryimage"},"thumbnailUrl":"https:\/\/jlm-assurance.com\/wp-content\/uploads\/2022\/11\/assurance-emprunteur.jpg.webp","datePublished":"2022-06-22T08:18:01+00:00","dateModified":"2026-03-12T09:47:43+00:00","description":"Notre assurance emprunteur vous permet de garantir le remboursement du cr\u00e9dit en cas d\u2019incapacit\u00e9 de votre part","breadcrumb":{"@id":"https:\/\/jlm-assurance.com\/index.php\/home\/assurance-emprunteur\/#breadcrumb"},"inLanguage":"fr-FR","potentialAction":[{"@type":"ReadAction","target":["https:\/\/jlm-assurance.com\/index.php\/home\/assurance-emprunteur\/"]}]},{"@type":"ImageObject","inLanguage":"fr-FR","@id":"https:\/\/jlm-assurance.com\/index.php\/home\/assurance-emprunteur\/#primaryimage","url":"https:\/\/jlm-assurance.com\/wp-content\/uploads\/2022\/11\/assurance-emprunteur.jpg.webp","contentUrl":"https:\/\/jlm-assurance.com\/wp-content\/uploads\/2022\/11\/assurance-emprunteur.jpg.webp","width":1000,"height":667},{"@type":"BreadcrumbList","@id":"https:\/\/jlm-assurance.com\/index.php\/home\/assurance-emprunteur\/#breadcrumb","itemListElement":[{"@type":"ListItem","position":1,"name":"Accueil","item":"https:\/\/jlm-assurance.com\/"},{"@type":"ListItem","position":2,"name":"Accueil","item":"https:\/\/jlm-assurance.com\/"},{"@type":"ListItem","position":3,"name":"Assurances emprunteur"}]},{"@type":"WebSite","@id":"https:\/\/jlm-assurance.com\/#website","url":"https:\/\/jlm-assurance.com\/","name":"JLM","description":"Agence de courtage en assurances","publisher":{"@id":"https:\/\/jlm-assurance.com\/#organization"},"potentialAction":[{"@type":"SearchAction","target":{"@type":"EntryPoint","urlTemplate":"https:\/\/jlm-assurance.com\/?s={search_term_string}"},"query-input":{"@type":"PropertyValueSpecification","valueRequired":true,"valueName":"search_term_string"}}],"inLanguage":"fr-FR"},{"@type":"Organization","@id":"https:\/\/jlm-assurance.com\/#organization","name":"JLM Assurances","url":"https:\/\/jlm-assurance.com\/","logo":{"@type":"ImageObject","inLanguage":"fr-FR","@id":"https:\/\/jlm-assurance.com\/#\/schema\/logo\/image\/","url":"http:\/\/jlm-assurance.com\/wp-content\/uploads\/2022\/06\/Logo-JLM-Assurance.jpg","contentUrl":"http:\/\/jlm-assurance.com\/wp-content\/uploads\/2022\/06\/Logo-JLM-Assurance.jpg","width":710,"height":190,"caption":"JLM Assurances"},"image":{"@id":"https:\/\/jlm-assurance.com\/#\/schema\/logo\/image\/"}}]}},"_links":{"self":[{"href":"https:\/\/jlm-assurance.com\/index.php\/wp-json\/wp\/v2\/pages\/155","targetHints":{"allow":["GET"]}}],"collection":[{"href":"https:\/\/jlm-assurance.com\/index.php\/wp-json\/wp\/v2\/pages"}],"about":[{"href":"https:\/\/jlm-assurance.com\/index.php\/wp-json\/wp\/v2\/types\/page"}],"author":[{"embeddable":true,"href":"https:\/\/jlm-assurance.com\/index.php\/wp-json\/wp\/v2\/users\/10"}],"replies":[{"embeddable":true,"href":"https:\/\/jlm-assurance.com\/index.php\/wp-json\/wp\/v2\/comments?post=155"}],"version-history":[{"count":36,"href":"https:\/\/jlm-assurance.com\/index.php\/wp-json\/wp\/v2\/pages\/155\/revisions"}],"predecessor-version":[{"id":545,"href":"https:\/\/jlm-assurance.com\/index.php\/wp-json\/wp\/v2\/pages\/155\/revisions\/545"}],"up":[{"embeddable":true,"href":"https:\/\/jlm-assurance.com\/index.php\/wp-json\/wp\/v2\/pages\/17"}],"wp:featuredmedia":[{"embeddable":true,"href":"https:\/\/jlm-assurance.com\/index.php\/wp-json\/wp\/v2\/media\/274"}],"wp:attachment":[{"href":"https:\/\/jlm-assurance.com\/index.php\/wp-json\/wp\/v2\/media?parent=155"}],"curies":[{"name":"wp","href":"https:\/\/api.w.org\/{rel}","templated":true}]}}